{"id":231,"date":"2021-10-22T11:01:40","date_gmt":"2021-10-22T09:01:40","guid":{"rendered":"http:\/\/diegggmars.art\/?page_id=231"},"modified":"2024-01-15T11:40:26","modified_gmt":"2024-01-15T10:40:26","slug":"acheter-une-oeuvre","status":"publish","type":"page","link":"https:\/\/diegggmars.art\/index.php\/acheter-une-oeuvre\/","title":{"rendered":"Acheter une \u0153uvre"},"content":{"rendered":"\n<p class=\"has-medium-font-size\">La plupart de mes toiles sont \u00e0 vendre ou vendues. <\/p>\n\n\n\n<p class=\"has-medium-font-size\">Si vous voulez acheter une \u0153uvre pr\u00e9sent\u00e9e, vous pouvez :<\/p>\n\n\n\n<p>.<\/p>\n\n\n\n<div class=\"wp-block-media-text alignwide is-stacked-on-mobile\" style=\"grid-template-columns:15% auto\"><figure class=\"wp-block-media-text__media\"><img decoding=\"async\" src=\"https:\/\/www.clipartmax.com\/png\/middle\/456-4561835_icon-for-contact-details.png\" alt=\"Icon For Contact Details - Free Transparent PNG Clipart Images Download\"\/><\/figure><div class=\"wp-block-media-text__content\">\n<p class=\"has-large-font-size\"> <li>me contacter directement             (voir rubrique \u00ab\u00a0contact\u00a0\u00bb)<\/li><\/p>\n\n\n\n<p class=\"has-large-font-size\"> <\/p>\n<\/div><\/div>\n\n\n\n<p>.<\/p>\n\n\n\n<div class=\"wp-block-media-text alignwide is-stacked-on-mobile\" style=\"grid-template-columns:15% auto\"><figure class=\"wp-block-media-text__media\"><img loading=\"lazy\" decoding=\"async\" width=\"223\" height=\"226\" src=\"http:\/\/diegggmars.art\/wp-content\/uploads\/2021\/10\/image-1.jpeg\" alt=\"\" class=\"wp-image-235 size-full\" srcset=\"https:\/\/diegggmars.art\/wp-content\/uploads\/2021\/10\/image-1.jpeg 223w, https:\/\/diegggmars.art\/wp-content\/uploads\/2021\/10\/image-1-1x1.jpeg 1w\" sizes=\"auto, (max-width: 223px) 100vw, 223px\" \/><\/figure><div class=\"wp-block-media-text__content\">\n<p class=\"has-large-font-size\"> <li>aller sur la galerie en ligne : <a href=\"https:\/\/www.artmajeur.com\/dieggg-mars\" data-type=\"URL\" data-id=\"https:\/\/www.artmajeur.com\/dieggg-mars\">https:\/\/www.artmajeur.com\/dieggg-mars<\/a><\/li><\/p>\n\n\n\n<p class=\"has-large-font-size\"> <\/p>\n<\/div><\/div>\n\n\n\n<p>.<\/p>\n\n\n\n<div class=\"wp-block-media-text alignwide is-stacked-on-mobile\" style=\"grid-template-columns:15% auto\"><figure class=\"wp-block-media-text__media\"><img decoding=\"async\" src=\"https:\/\/encrypted-tbn0.gstatic.com\/images?q=tbn:ANd9GcRNeGLEIF595A76v9nQE_4e5ILlUqYZzc_VBW6LovqwlBZdnJPePii5nxFDuFU1NYZwpeM&amp;usqp=CAU\" alt=\"Ic\u00f4ne D'exposition Concept \u00e0 La Mode De Logo D'exposition Sur Le Backgro  Blanc Illustration de Vecteur - Illustration du juste, graphisme: 131168142\"\/><\/figure><div class=\"wp-block-media-text__content\">\n<p class=\"has-large-font-size\"> <li>Me rencontrer \u00e0 ma prochaine exposition \ud83d\ude42 <\/li><\/p>\n<\/div><\/div>\n\n\n\n<div class=\"wp-block-columns is-layout-flex wp-container-core-columns-is-layout-9d6595d7 wp-block-columns-is-layout-flex\">\n<div class=\"wp-block-column is-layout-flow wp-block-column-is-layout-flow\" style=\"flex-basis:100%\"><\/div>\n<\/div>\n\n\n\n<p>Chaque \u0153uvre est originale <\/p>\n\n\n\n<p>Les \u0153uvres s&rsquo;accompagnent d&rsquo;un Certificat d\u2019authenticit\u00e9 et d&rsquo;un NFT si demand\u00e9).<\/p>\n\n\n\n<p>Les \u0153uvres peuvent \u00eatre achet\u00e9es en euros ou cryptomonnaies.<\/p>\n\n\n\n<p>Les \u0153uvres peuvent \u00eatre remises en main propre ou envoy\u00e9es par transporteur. Les frais d\u2019exp\u00e9dition d\u00e9pendront de la destination et de la taille de l\u2019\u0153uvre. <\/p>\n","protected":false},"excerpt":{"rendered":"<p>La plupart de mes toiles sont \u00e0 vendre ou vendues. Si vous voulez acheter une \u0153uvre pr\u00e9sent\u00e9e, vous pouvez : . me contacter directement (voir rubrique \u00ab\u00a0contact\u00a0\u00bb) . aller sur la galerie en ligne : https:\/\/www.artmajeur.com\/dieggg-mars . Me rencontrer \u00e0 ma prochaine exposition \ud83d\ude42 Chaque \u0153uvre est originale Les \u0153uvres s&rsquo;accompagnent d&rsquo;un Certificat d\u2019authenticit\u00e9 et [&hellip;]<\/p>\n","protected":false},"author":1,"featured_media":0,"parent":0,"menu_order":0,"comment_status":"closed","ping_status":"closed","template":"","meta":{"_uag_custom_page_level_css":"","footnotes":""},"class_list":["post-231","page","type-page","status-publish","hentry"],"uagb_featured_image_src":{"full":false,"thumbnail":false,"medium":false,"medium_large":false,"large":false,"1536x1536":false,"2048x2048":false,"creative-lite-homepage-thumb":false},"uagb_author_info":{"display_name":"admin9523","author_link":"https:\/\/diegggmars.art\/index.php\/author\/admin9523\/"},"uagb_comment_info":0,"uagb_excerpt":"La plupart de mes toiles sont \u00e0 vendre ou vendues. Si vous voulez acheter une \u0153uvre pr\u00e9sent\u00e9e, vous pouvez : . me contacter directement (voir rubrique \u00ab\u00a0contact\u00a0\u00bb) . aller sur la galerie en ligne : https:\/\/www.artmajeur.com\/dieggg-mars . Me rencontrer \u00e0 ma prochaine exposition \ud83d\ude42 Chaque \u0153uvre est originale Les \u0153uvres s&rsquo;accompagnent d&rsquo;un Certificat d\u2019authenticit\u00e9 et\u2026","_links":{"self":[{"href":"https:\/\/diegggmars.art\/index.php\/wp-json\/wp\/v2\/pages\/231","targetHints":{"allow":["GET"]}}],"collection":[{"href":"https:\/\/diegggmars.art\/index.php\/wp-json\/wp\/v2\/pages"}],"about":[{"href":"https:\/\/diegggmars.art\/index.php\/wp-json\/wp\/v2\/types\/page"}],"author":[{"embeddable":true,"href":"https:\/\/diegggmars.art\/index.php\/wp-json\/wp\/v2\/users\/1"}],"replies":[{"embeddable":true,"href":"https:\/\/diegggmars.art\/index.php\/wp-json\/wp\/v2\/comments?post=231"}],"version-history":[{"count":8,"href":"https:\/\/diegggmars.art\/index.php\/wp-json\/wp\/v2\/pages\/231\/revisions"}],"predecessor-version":[{"id":360,"href":"https:\/\/diegggmars.art\/index.php\/wp-json\/wp\/v2\/pages\/231\/revisions\/360"}],"wp:attachment":[{"href":"https:\/\/diegggmars.art\/index.php\/wp-json\/wp\/v2\/media?parent=231"}],"curies":[{"name":"wp","href":"https:\/\/api.w.org\/{rel}","templated":true}]}}